{"id":174,"date":"2022-01-18T08:40:44","date_gmt":"2022-01-18T07:40:44","guid":{"rendered":"https:\/\/obercraft.de\/home\/?page_id=174"},"modified":"2023-01-23T13:26:10","modified_gmt":"2023-01-23T12:26:10","slug":"obercraft-community-abschnitt","status":"publish","type":"page","link":"https:\/\/obercraft.de\/home\/index.php\/obercraft-community-abschnitt\/","title":{"rendered":"OberCraftDE Community Abschnitt"},"content":{"rendered":"\n<p>Unser Community Server bietet euch viele M\u00f6glichkeiten.<\/p>\n\n\n\n<figure class=\"wp-block-image size-full\"><img loading=\"lazy\" width=\"1024\" height=\"758\" src=\"https:\/\/obercraft.de\/home\/wp-content\/uploads\/2022\/03\/2022-03-08_14.18.30-1024x758-1.jpg\" alt=\"\" class=\"wp-image-339\" srcset=\"https:\/\/obercraft.de\/home\/wp-content\/uploads\/2022\/03\/2022-03-08_14.18.30-1024x758-1.jpg 1024w, https:\/\/obercraft.de\/home\/wp-content\/uploads\/2022\/03\/2022-03-08_14.18.30-1024x758-1-300x222.jpg 300w, https:\/\/obercraft.de\/home\/wp-content\/uploads\/2022\/03\/2022-03-08_14.18.30-1024x758-1-768x569.jpg 768w\" sizes=\"(max-width: 1024px) 100vw, 1024px\" \/><figcaption>Bild vom Spawn<\/figcaption><\/figure>\n\n\n\n<ol><li>Unser Community Bereich l\u00e4uft aktuell auf der MC1.17.1 &#8211; Er ist zurzeit Kompatibel mit der MC1.14.x-1.19.x und Bedrock Version. Ein Update auf MC1.18 ist noch nicht geplant, weil wir Plugins verwenden die noch nicht aktualisiert wurden.<\/li><li>Unser Community Bereich l\u00e4uft wie das restliche Netzwerk 24\/7 (Ausgenommen Wartungen und unvorhersehbare Ausf\u00e4lle)<\/li><li>Anders wie unser restliches Netzwerk, musst du um auf diesem Bereich spielen zu k\u00f6nnen, auf der Whitelist sein. Um auf die Whitelist zu kommen musst du auf unserem Discord -> https:\/\/obercraft.de\/discord  und uns dort deinen Namen schreiben, wir machen dies als Ma\u00dfnahme gegen modding\/spamming. Du darst auf diesem Server nur einen Account registrieren, stellen wir fest, dass du mit mehreren account auf diesem Bereich spielen solltest, kann dies mit einem Bann oder Vergleichbar bestraft werden. Falls du mehrere Accounts nutzen willst und dies einen guten Grund hat, kannst du mit uns gerne auf unserem Discord dar\u00fcber sprechen und wir finden dann bestimmt eine L\u00f6sung.<\/li><li>Anders als die anderen Unterserver, ist dieser Server in unserem Discord integriert. Du kannst deshalb mit anderen Leuten via Discord schreiben, die ingame sind oder umgekehrt.<\/li><li>So da nun alle Regeln etc klar sind, kommen wir jetzt zu den Features die dir dieser Abschnitt bietet.<\/li><\/ol>\n\n\n\n<p>Features:<\/p>\n\n\n\n<ol><li>Homes und Claims &#8211; Du kannst sowohl &#171;Homes&#187; als auch ein Gebiet claimen, auf dem dann nur du oder ausgew\u00e4hlte Spiele bauen k\u00f6nnen.<\/li><li>Es gibt ein Monster Level System, es gibt daher st\u00e4rkere und schw\u00e4chere Gegner.<\/li><li>Es gibt dar\u00fcberhinaus ein ingame shop(ohne Echtgeld), wo du items gegen ingame Geld tauschen kannst und dir andere items durch dieses Geld kaufen kannst.<\/li><li>Es gibt auf diesem Bereich Vorteile f\u00fcr Premium, Streamer etc. (Unsere R\u00e4nge sind nicht k\u00e4uflich erh\u00e4ltlich, diese werden als Belohnung an Treue Spieler \/ Streamer die uns unterst\u00fctzen verteilt.<\/li><li>Um die Nacht zu \u00fcberspringen, m\u00fcssen nicht alle Spieler schlafen es reicht ein Spieler.<\/li><li>Es gibt einen Backpack dessen gr\u00f6\u00dfe durch deinen Rang bestmmt wird. Bei einem Tod verlierst du die Items im Backpack nicht.<\/li><li>Gr\u00e4ber, wenn du stirbst, ensteht ein Grabstein mit deinen Items. Deine Items despawnen also nicht.<\/li><li>Level &#8211; Es gibt dar\u00fcberhinaus ein zus\u00e4tliches level System, welches dir weitere m\u00f6glichkeiten deine F\u00e4higkeiten zu verbessern gibt.<\/li><\/ol>\n\n\n\n<p>Features &#8211; Funktionsweise<\/p>\n\n\n\n<ol><li>Homes: mit &#171;\/home (Name)&#187; kannst du ein Home erstellen, die Anzahl der Homes die du erstellen kannst richtet sich nach deinem Rang.<\/li><li>Claims: mit einer Goldenen Schaufel kannst du einen Bereich makieren.<\/li><li>Shop: mit &#171;\/shop&#187; kannst du den ingame Shop \u00f6ffnen.<\/li><li>Backpack: Du kannst neben dem Backpack item in deinem Inventar den Backpack mit &#171;\/backpack&#187; \u00f6ffnen.<\/li><\/ol>\n\n\n\n<p>Vorteile f\u00fcr Premium\/Streamer etc<\/p>\n\n\n\n<ol><li>Als Premium hast du die m\u00f6glichkeit &#171;\/fly&#187; und &#171;\/workbench&#187; zu nutzen, damit kannst du fliegen\/ eine Werkbank \u00f6ffnen.<\/li><li>Als Streamer kannst du mit &#171;\/anvil&#187; einen Amboss \u00f6ffnen.<\/li><li>Als Premium hast du mehr Platz im Backpack und kannst mehr homes setzen.<\/li><li>Als Streamer kannst du neue Spieler auf die Whitelist hinzuf\u00fcgen, welche z.B.: Durch den Stream auf den Server gesto\u00dfen sind. Nutze daf\u00fcr einfach den gwohnten Befehl &#171;\/whitelist add (name des Spielers)&#187;<\/li><li>Der Streamer Rang hat au\u00dferdem alle Vorteile von dem Premium Rang.<\/li><\/ol>\n\n\n\n<p>Also, worauf wartest du noch? Wir sehen uns auf dem Server!<\/p>\n\n\n\n<p>Hier ist ein Einblick in die Welt<\/p>\n\n\n\n<iframe loading=\"lazy\" src=\"https:\/\/livemap.obercraft.de\/\" width=\"100%\" height=\"600\">\n  <p>Your browser does not support iframes.<\/p>\n<\/iframe>\n\n\n\n<p>Weitere Bilder zum Community Bereich:<\/p>\n\n\n\n<figure class=\"wp-block-image size-full\"><img loading=\"lazy\" width=\"1024\" height=\"758\" src=\"https:\/\/obercraft.de\/home\/wp-content\/uploads\/2022\/03\/2022-03-08_14.17.49-1024x758-1.jpg\" alt=\"\" class=\"wp-image-341\" srcset=\"https:\/\/obercraft.de\/home\/wp-content\/uploads\/2022\/03\/2022-03-08_14.17.49-1024x758-1.jpg 1024w, https:\/\/obercraft.de\/home\/wp-content\/uploads\/2022\/03\/2022-03-08_14.17.49-1024x758-1-300x222.jpg 300w, https:\/\/obercraft.de\/home\/wp-content\/uploads\/2022\/03\/2022-03-08_14.17.49-1024x758-1-768x569.jpg 768w\" sizes=\"(max-width: 1024px) 100vw, 1024px\" \/><figcaption>Bild eines Hauses von einem unserer Mitspieler<\/figcaption><\/figure>\n\n\n\n<figure class=\"wp-block-image size-full\"><img loading=\"lazy\" width=\"1024\" height=\"758\" src=\"https:\/\/obercraft.de\/home\/wp-content\/uploads\/2022\/03\/2022-03-08_14.18.09-1024x758-1.jpg\" alt=\"\" class=\"wp-image-342\" srcset=\"https:\/\/obercraft.de\/home\/wp-content\/uploads\/2022\/03\/2022-03-08_14.18.09-1024x758-1.jpg 1024w, https:\/\/obercraft.de\/home\/wp-content\/uploads\/2022\/03\/2022-03-08_14.18.09-1024x758-1-300x222.jpg 300w, https:\/\/obercraft.de\/home\/wp-content\/uploads\/2022\/03\/2022-03-08_14.18.09-1024x758-1-768x569.jpg 768w\" sizes=\"(max-width: 1024px) 100vw, 1024px\" \/><figcaption>Innenansicht eines Hauses<\/figcaption><\/figure>\n\n\n\n<p>Weitere Fragen:<\/p>\n\n\n\n<ol><li>Wie komme ich auf dem Server? Gehe auf unseren Server &#171;Obercraft.de&#187; und w\u00e4hle in der Server Auswahl &#171;Community Projekt&#187; aus, als item wird hier ein Amboss verwendet. Als Java nutzer kannst du auch direkt auf dem Community Bereich unter der Adresse &#171;community.obercraft.de&#187;<\/li><li>Wo kann ich bauen? Du kannst jedes Gebiet, dass noch nicht geclaimed ist claimen.<\/li><li>Hilfe ich komme nicht auf den Server es steht &#171;You are not whitelistet on this Server&#187;, was tun? Wenn diese Meldung kommt deutet das darauf hin, dass du noch nicht auf der whitelist bist, falls du bereits eine Anfrage auf unserem Discord gestellt hast, musst warte einfach.<\/li><li>Hilfe ich werde gekickt wenn ich mich mit der MC1.8.x-1.13.x verbinden will, liegt das an meinem MC? Nein, leider ist aufgrund eines Inventar Bug es derzeit nicht m\u00f6glich mit der 1.8.x-1.13.x zu joinen, nutze einfach die 1.14.x-1.19.x dort gibt es dieses Problem nicht.<\/li><li>Ich habe ein Problem wo bekomme ich schnelle hilfe? Meistens wird dir auf unserem Discord schnell geholfen. Desweiteren k\u00f6nntest du auf unserem Forum eine Anfrage stellen <a href=\"https:\/\/forum.obercraft.de\">https:\/\/forum.obercraft.de<\/a>.<\/li><\/ol>\n\n\n\n<p>by WolliB<\/p>\n","protected":false},"excerpt":{"rendered":"<p>Unser Community Server bietet euch viele M\u00f6glichkeiten. Unser Community Bereich l\u00e4uft aktuell auf der MC1.17.1 &#8211; Er ist zurzeit Kompatibel mit der MC1.14.x-1.19.x und Bedrock Version. Ein Update auf MC1.18 ist noch nicht geplant, weil wir Plugins verwenden die noch nicht aktualisiert wurden. Unser Community Bereich l\u00e4uft wie das restliche Netzwerk 24\/7 (Ausgenommen Wartungen und [&hellip;]<\/p>\n","protected":false},"author":2,"featured_media":0,"parent":0,"menu_order":0,"comment_status":"closed","ping_status":"closed","template":"","meta":[],"_links":{"self":[{"href":"https:\/\/obercraft.de\/home\/index.php\/wp-json\/wp\/v2\/pages\/174"}],"collection":[{"href":"https:\/\/obercraft.de\/home\/index.php\/wp-json\/wp\/v2\/pages"}],"about":[{"href":"https:\/\/obercraft.de\/home\/index.php\/wp-json\/wp\/v2\/types\/page"}],"author":[{"embeddable":true,"href":"https:\/\/obercraft.de\/home\/index.php\/wp-json\/wp\/v2\/users\/2"}],"replies":[{"embeddable":true,"href":"https:\/\/obercraft.de\/home\/index.php\/wp-json\/wp\/v2\/comments?post=174"}],"version-history":[{"count":7,"href":"https:\/\/obercraft.de\/home\/index.php\/wp-json\/wp\/v2\/pages\/174\/revisions"}],"predecessor-version":[{"id":440,"href":"https:\/\/obercraft.de\/home\/index.php\/wp-json\/wp\/v2\/pages\/174\/revisions\/440"}],"wp:attachment":[{"href":"https:\/\/obercraft.de\/home\/index.php\/wp-json\/wp\/v2\/media?parent=174"}],"curies":[{"name":"wp","href":"https:\/\/api.w.org\/{rel}","templated":true}]}}